 11
Suppose -4*x + 2*u = -23194, 5*x - 2*u - 6068 - 22923 = 0. What are the prime factors of x?
11, 17, 31
Suppose -236*f + 175*f + 804285 = 0. What are the prime factors of f?
3, 5, 293
Suppose -319 + 178 = -29*b + 265. List the prime factors of b.
2, 7
Suppose -h + 3*h = -3*f + 30, 51 = 4*f - h. Let k be f + -10 - (3 + -1) - -102. List the prime factors of (k - 0/2)/((-90)/(-60)).
2, 17
Suppose 4*h + 0 + 12 = 0. Let m(z) = -22*z**2 + 7*z + 12. Let n(q) = 11*q**2 - 3*q - 6. Let y(o) = 3*m(o) + 7*n(o). What are the prime factors of y(h)?
3, 31
Suppose -414780 = 1731*b - 1736*b - 56065. List the prime factors of b.
7, 37, 277
Let w(v) = v**3 - 10*v**2 + 12*v - 23. Let k be w(9). What are the prime factors of k/(-20) - 4242/(-10)?
2, 53
Let y = 146 - 153. List the prime factors of ((-200564)/39)/y*6/4.
2, 19, 29
Let w(t) = 4*t**3 + 3*t**2 + 2*t - 1. Let b be w(-3). Let i = b + 173. Suppose 22*q - i = 17*q. List the prime factors of q.
17
List the prime factors of (2 - 4456/64)*-1328.
2, 83, 541
Let x = -4459 + 15327. What are the prime factors of x?
2, 11, 13, 19
Let l = 512 - 510. Suppose l*x = -x + q + 727, 0 = -5*x + 4*q + 1207. What are the prime factors of x?
3
Let f = 148 - 140. Suppose -5*i + 2411 = -3*j, f*i - 2407 = 3*i + j. What are the prime factors of i?
13, 37
Let x = 364 + 1371. Let k = x - 1128. What are the prime factors of k?
607
Suppose 0 = 26*v - 21*v + 15. What are the prime factors of v + -5 + (-6 - -1536)?
2, 761
Let d = -42 - -30. Let v = d + 18. Suppose -5*l + 2 + 0 = 2*m, 3*l = -v. What are the prime factors of m?
2, 3
List the prime factors of ((-6931)/(-4))/((-387)/(-3096)).
2, 29, 239
Suppose -31*x + 24*x = -917. Suppose 137 = 2*s + x. List the prime factors of s.
3
Suppose -4*i = -5*i - 0*i. Suppose -s + 2*b + 209 = i, 0*b = 4*s + 3*b - 825. List the prime factors of s.
3, 23
Suppose 10*u = 11*u - 8. Suppose 6*d = u + 40. Let z = d - -98. What are the prime factors of z?
2, 53
Let s(v) = 86*v**3 - 2*v**2 + 2*v - 1. Let l(j) = -2*j**3 - 13*j**2 - 6*j + 2. Let t be l(-6). List the prime factors of s(t).
683
What are the prime factors of 105306380/5580 - (-2)/18*-1?
2, 7, 337
Suppose -4548*n + 1004364 = -4530*n. List the prime factors of n.
2, 23, 1213
Let c be (-2)/9 - (-31295)/9. Suppose 5*x - c = -1257. What are the prime factors of x?
2, 3, 37
Let b(m) = 9*m - 36. Let k be b(4). Suppose -4*g + 3*v = -1439, -5*g + k*g + 4*v + 1799 = 0. What are the prime factors of g?
359
Let a = 62 - 62. Suppose -2*i + a*i = 3*g - 13, 5*g = 3*i - 29. Suppose -3*j - 4*f + 97 = 0, -j + 39 = -5*f + i*f. What are the prime factors of j?
3
Let v = 203 + -170. Suppose 0 = 5*j - v - 107. List the prime factors of j.
2, 7
Let q(d) be the first derivative of d**3 + 13*d**2 - 13*d + 1476. Let r = 16 - 27. List the prime factors of q(r).
2
Let f(i) be the first derivative of 10*i**3/3 - 6*i**2 - 19*i - 39. What are the prime factors of f(7)?
3, 43
Let b = -60555 + 87368. What are the prime factors of b?
26813
Let d(h) = -313*h**3 + h**2 + 2*h + 2. Let l be d(-1). Let y = 642 - l. List the prime factors of y.
2, 41
Suppose 4*v - 5*l + 3*l - 4128 = 0, 5*v + 4*l = 5173. Let j = v - 321. List the prime factors of j.
2, 89
Let f(x) = 809*x**2 + 1090*x - 10900. What are the prime factors of f(10)?
2, 5, 809
Suppose -2*u = d - 6600, -u + 7133 = 3*d - 12647. What are the prime factors of d?
2, 103
Suppose 0 = 4*h - 0 + 8, 2*h + 1522 = 2*c. Suppose -c - 121 = -5*t. Suppose 5*p = -3*b - 0*p + t, 4*p = -b + 54. List the prime factors of b.
2, 31
Let o(j) be the first derivative of 4*j**3/3 - j**2/2 + 4*j + 5. Let r be o(-4). What are the prime factors of (-932)/(-14) - r/126?
2, 3, 11
Let a(q) be the first derivative of q**4/4 - q**3/3 - 11*q**2/2 + 22*q + 16. Let k(f) be the first derivative of a(f). What are the prime factors of k(-3)?
2, 11
Suppose h - 4*t - 85 = 0, 0 = 15*h - 13*h + 2*t - 200. What are the prime factors of h?
97
Suppose 1096*p = 397*p + 34703253. List the prime factors of p.
3, 13, 19, 67
Let z = -9 - -14. Suppose 305 + 115 = z*f. Suppose 2*l = -4*a + f, -l + 15 + 17 = 4*a. What are the prime factors of l?
2, 13
Let i = 18590 + -11790. What are the prime factors of i?
2, 5, 17
Let o be 1 - (-2 + -1) - (8 - 5). Let z(d) = -13*d + o + 27 - 11*d + 5*d. What are the prime factors of z(-10)?
2, 109
Suppose 715 = 261*z - 262*z. Let j = 1409 + z. What are the prime factors of j?
2, 347
Let r be (-1023)/6 + 4/(-8). Let f = r + 331. What are the prime factors of f?
2, 5
Suppose 0*w = -4*w - 24. Let s be (2/w)/((-25)/12 - -2). Suppose 2*m - 52 = -v - 3*m, -5*v = -s*m - 115. List the prime factors of v.
3
Let m(s) be the first derivative of 3*s**2 + 3*s - 2. Let k be m(-1). What are the prime factors of 114 - ((-1 - (-8 - k)) + -3)?
113
Let z(d) = 28*d**2 + 3*d - 36. Let n(y) = -y**2 + 20*y + 25. Let l be n(21). List the prime factors of z(l).
2, 53
Suppose -5954 = -4*x - 9*l + 67513, 2*l - 36716 = -2*x. List the prime factors of x.
3, 2039
Suppose 0 = j - 3*j + 46. Let y(h) = 8*h + 65. What are the prime factors of y(j)?
3, 83
List the prime factors of 22/((-154)/(-273))*153.
3, 13, 17
Suppose -7087 + 61163 = 24*f - 16652. List the prime factors of f.
7, 421
Suppose 4*j = 5*p, 0*j - 3*p + 7 = -j. Suppose -15*z + q = -19*z + 420, -4*q = j*z - 514. List the prime factors of z.
2, 53
Suppose -46*n - 166311 = -691309. What are the prime factors of n?
101, 113
Suppose -2*a - 4 = -2*l, l + l + 4*a = -2. What are the prime factors of l - (1 - ((-2)/(-1) + 672))?
2, 337
Suppose 16*b - 99 = 333. What are the prime factors of 2894/10 - b/(-45)?
2, 5, 29
Let k = -660 + 2570. Suppose -5*f = -5*d - k, 2*d - 748 = -0*f - 2*f. What are the prime factors of f?
2, 3, 7
List the prime factors of (-63138)/(-136)*((-515)/(-15) - 1).
5, 619
Let q = 17 + -12. Let u = q - -59. What are the prime factors of 1 + 113*1 + u/(-32)?
2, 7
Let b be ((-8)/(-14))/(20/70). Suppose 7*q = 31 - 17. Suppose -b*y - 4*f = -58, 6*y + 4*f = q*y + 132. List the prime factors of y.
37
Let g be 1/(-6) - (-140)/(-24). Let n(a) = -107*a + 30. List the prime factors of n(g).
2, 3, 7
Suppose -3*y = 5*b + 1079, 6*y = 2*b + 2*y + 416. Let l = 241 - b. What are the prime factors of l?
5, 7, 13
Let g(r) = -6*r - 34. Let c be g(11). Let t = c - 109. Let d = 378 + t. List the prime factors of d.
13
Let x(r) be the third derivative of r**5/3 + 11*r**4/24 - r**3/6 - 63*r**2. List the prime factors of x(6).
5, 157
Let d be (1*27)/(35/(-1260)). List the prime factors of (8/(-6))/((-3882)/d - 4).
2, 3
Let t(y) be the second derivative of y**4/12 - 2*y**3/3 - 39*y**2/2 - 52*y. List the prime factors of t(-16).
281
Let m(x) = -648*x - 3959. What are the prime factors of m(-29)?
7, 13, 163
Suppose v + 4*l - 37 = 0, -5*v + 3*l = 5*l - 167. Let j = 770 - v. List the prime factors of j.
11, 67
Suppose -g - 2 = -6. Suppose 2*u = 5*k - 101 - 114, -2*k = -5*u - 65. Suppose -k = -g*f + 111. What are the prime factors of f?
3, 13
Suppose -7768 = 10*s - 14*s. List the prime factors of (2 - s)*38/(-95).
2, 97
Suppose -685505 = -258*n + 1697899. List the prime factors of n.
2, 31, 149
Let u(i) = -i**2 + 35*i - 34. Let d be u(34). Suppose d = -11*j - 20*j + 1519. List the prime factors of j.
7
Suppose 872 + 1298 = 10*l. Suppose 0 = 5*z + 15, 5*u + 2*z - 26 = u. Suppose u*w = w + l. List the prime factors of w.
31
Let x be -5 - -1023*(-4)/(-6). Let d = -147 + x. List the prime factors of d.
2, 5, 53
Suppose 13*h + x = 9*h + 15076, 0 = 3*h - x - 11314. List the prime factors of h.
2, 5, 13, 29
Suppose 11*r + 7*r - 142733 - 30877 = 0. What are the prime factors of r?
3, 5, 643
Let b be ((-4)/(-5) + 24/20)*5. What are the prime factors of b*2/4 + 350?
5, 71
Suppose 0 = -4*r - 4*c + 163480, -5*r + 14617 = -2*c - 189775. List the prime factors of r.
2, 11, 929
Suppose 6*i + 238 = 286. What are the prime factors of 103/((i/(-30))/((-32)/24))?
5, 103
Let c = 47124 + -31458. List the prime factors of c.
2, 3, 7, 373
Suppose 17*t = -10*t + 162972. What are the prime factors of t?
2, 3, 503
Suppose 16*j + 47 - 79 = 0. Suppose 4*b - 5*c - 5 = 0, 3*b + 1 = -0*c - c. Suppose 3*g - o = j*o + 342, b = -2*g - 4*o + 198. What are the prime factors of g?
109
Let t(k) = -6*k**2 - 3*k + 36. Let q be t(-28). What are the prime factor